{"id":2,"date":"2020-03-04T22:24:22","date_gmt":"2020-03-04T22:24:22","guid":{"rendered":"https:\/\/www.new.indeasa.com\/?page_id=2"},"modified":"2020-03-24T17:59:44","modified_gmt":"2020-03-24T17:59:44","slug":"sample-page","status":"publish","type":"page","link":"https:\/\/www.indeasa.com\/index.php\/sample-page\/","title":{"rendered":"CONTACTO"},"content":{"rendered":"\n\t<h1><!--\n\t-->CONTACTO<!--\t--><!--\n\t-->\n\t<\/h1>\n\t<meta itemprop=\"url\" content=\"https:\/\/www.indeasa.com\/wp-content\/uploads\/2020\/03\/indeasa-plantas.mp4\" \/><meta itemprop=\"thumbnail\" content=\"\" \/><div style=\"width: 100px;\" class=\"wp-video\"><!--[if lt IE 9]><script>document.createElement('video');<\/script><![endif]-->\n<video muted class=\"wp-video-shortcode\" id=\"video-2-1\" width=\"100\" height=\"100\" autoplay=\"1\" preload=\"metadata\" controls=\"controls\"><source type=\"video\/mp4\" src=\"https:\/\/www.indeasa.com\/wp-content\/uploads\/2020\/03\/indeasa-plantas.mp4?_=1\" \/><a href=\"https:\/\/www.indeasa.com\/wp-content\/uploads\/2020\/03\/indeasa-plantas.mp4\">https:\/\/www.indeasa.com\/wp-content\/uploads\/2020\/03\/indeasa-plantas.mp4<\/a><\/video><\/div>\n\t<h2><!--\n\t-->CONTACTANOS<!--\t--><!--\n\t-->\n\t<\/h2>\n<p>En\u00a0<b>INDEASA S.A DE C.V.<\/b>\u00a0estamos interesados en conocer tu opini\u00f3n para mejorar nuestros servicios, por este medio podr\u00e1s escribirnos tus dudas, comentarios, sugerencias y nosotros nos pondremos en contacto con usted lo m\u00e1s pronto posible. <\/p>\n\t<h2><!--\n\t-->ESTAMOS EN <!--\t--><!--\n\t-->\n\t<\/h2>\n\t<h4>\u00a0Tel\u00e9fonos<\/h4>\nIrapuato, Guanajuato<br \/>\n01 (462) 625 02 95<br \/>\n01 (462) 625 47 84\n<h4>\u00a0Email<\/h4>\n<p>indeasa@hotmail.com<\/p>\n\t<h4>Oficinas de enlace<\/h4>\nGuadalajara, Jalisco<br \/>\n045 (331) 338 14 93\nCiudad de M\u00e9xico<br \/>\n045 (555) 068 94 52\n\t\t\t\t<img decoding=\"async\" src=\"https:\/\/www.new.indeasa.com\/wp-content\/uploads\/2020\/03\/png.png\" alt=\"png\" itemprop=\"image\" title=\"png\" onerror=\"this.style.display='none'\"  \/>\n\t<h4>Ingenieria y desarrollo del agua<br \/>\nS.A de C.V.<\/h4>\n","protected":false},"excerpt":{"rendered":"<p>CONTACTO CONTACTANOS En\u00a0INDEASA S.A DE C.V.\u00a0estamos interesados en conocer tu opini\u00f3n para mejorar nuestros servicios, por este medio podr\u00e1s escribirnos tus dudas, comentarios, sugerencias y nosotros nos pondremos en contacto con usted lo m\u00e1s pronto posible. ESTAMOS EN \u00a0Tel\u00e9fonos Irapuato, Guanajuato 01 (462) 625 02 95 01 (462) 625 47 84 \u00a0Email indeasa@hotmail.com Oficinas de &hellip;<\/p>\n<p class=\"read-more\"> <a class=\"\" href=\"https:\/\/www.indeasa.com\/index.php\/sample-page\/\"> <span class=\"screen-reader-text\">CONTACTO<\/span> Read More &raquo;<\/a><\/p>\n","protected":false},"author":1,"featured_media":0,"parent":0,"menu_order":0,"comment_status":"closed","ping_status":"open","template":"","meta":{"footnotes":""},"class_list":["post-2","page","type-page","status-publish","hentry"],"_links":{"self":[{"href":"https:\/\/www.indeasa.com\/index.php\/wp-json\/wp\/v2\/pages\/2"}],"collection":[{"href":"https:\/\/www.indeasa.com\/index.php\/wp-json\/wp\/v2\/pages"}],"about":[{"href":"https:\/\/www.indeasa.com\/index.php\/wp-json\/wp\/v2\/types\/page"}],"author":[{"embeddable":true,"href":"https:\/\/www.indeasa.com\/index.php\/wp-json\/wp\/v2\/users\/1"}],"replies":[{"embeddable":true,"href":"https:\/\/www.indeasa.com\/index.php\/wp-json\/wp\/v2\/comments?post=2"}],"version-history":[{"count":14,"href":"https:\/\/www.indeasa.com\/index.php\/wp-json\/wp\/v2\/pages\/2\/revisions"}],"predecessor-version":[{"id":287,"href":"https:\/\/www.indeasa.com\/index.php\/wp-json\/wp\/v2\/pages\/2\/revisions\/287"}],"wp:attachment":[{"href":"https:\/\/www.indeasa.com\/index.php\/wp-json\/wp\/v2\/media?parent=2"}],"curies":[{"name":"wp","href":"https:\/\/api.w.org\/{rel}","templated":true}]}}